tor of 16 and 1552.
16
What is the highest common factor of 195 and 351?
39
What is the greatest common divisor of 1002 and 8?
2
Calculate the greatest common divisor of 408 and 8262.
102
Calculate the highest common factor of 34 and 170.
34
Calculate the highest common divisor of 4 and 652.
4
What is the highest common divisor of 188 and 658?
94
Calculate the highest common divisor of 3 and 342.
3
Calculate the highest common divisor of 1287 and 143.
143
What is the greatest common divisor of 132 and 99?
33
What is the highest common divisor of 6 and 8?
2
Calculate the greatest common factor of 6253 and 676.
169
Calculate the greatest common divisor of 4 and 243.
1
Calculate the highest common divisor of 490 and 30625.
245
Calculate the highest common factor of 4375 and 35.
35
What is the highest common factor of 1092 and 91?
91
What is the highest common divisor of 56 and 126?
14
Calculate the greatest common divisor of 34 and 2006.
34
What is the highest common divisor of 30 and 18330?
30
Calculate the highest common divisor of 170 and 986.
34
Calculate the highest common factor of 978 and 30.
6
What is the highest common divisor of 75 and 6175?
25
What is the highest common divisor of 342 and 190?
38
What is the greatest common divisor of 13491 and 9?
9
Calculate the highest common factor of 244 and 90.
2
What is the highest common divisor of 56 and 5296?
8
Calculate the highest common divisor of 210 and 2450.
70
Calculate the highest common divisor of 10856 and 69.
23
Calculate the highest common divisor of 129 and 1849.
43
Calculate the greatest common factor of 1341 and 18.
9
Calculate the highest common factor of 4361 and 147.
49
Calculate the highest common divisor of 736 and 92.
92
What is the highest common factor of 467 and 1?
1
What is the greatest common divisor of 171 and 1425?
57
What is the greatest common factor of 48 and 3048?
24
What is the greatest common divisor of 3 and 147?
3
Calculate the greatest common divisor of 625 and 50.
25
Calculate the highest common divisor of 70 and 574.
14
Calculate the greatest common factor of 172 and 4.
4
Calculate the greatest common factor of 340 and 30770.
170
Calculate the greatest common divisor of 7 and 1701.
7
Calculate the highest common divisor of 86 and 129.
43
What is the greatest common divisor of 1682 and 406?
58
What is the greatest common divisor of 732 and 108?
12
What is the greatest common divisor of 98 and 147?
49
What is the greatest common factor of 21 and 885?
3
Calculate the highest common factor of 66 and 138.
6
What is the highest common divisor of 43 and 4601?
43
What is the highest common divisor of 23302 and 244?
122
Calculate the greatest common divisor of 3260 and 120.
20
Calculate the highest common divisor of 30 and 75630.
30
What is the greatest common factor of 76 and 12?
4
What is the greatest common divisor of 105 and 1974?
21
Calculate the highest common factor of 12 and 24.
12
What is the highest common factor of 285 and 2755?
95
Calculate the highest common divisor of 8 and 1552.
8
Calculate the greatest common divisor of 803 and 511.
73
Calculate the greatest common divisor of 180 and 420.
60
What is the greatest common divisor of 576 and 240?
48
What is the greatest common divisor of 339 and 1921?
113
What is the greatest common factor of 2275 and 225?
25
What is the greatest common factor of 9048 and 39?
39
Calculate the greatest common divisor of 133 and 7.
7
What is the highest common factor of 17 and 323?
17
What is the greatest common divisor of 8 and 104?
8
Calculate the highest common divisor of 1166 and 374.
22
Calculate the greatest common factor of 3 and 183.
3
Calculate the greatest common factor of 63 and 231.
21
What is the highest common factor of 28 and 1008?
28
Calculate the greatest common divisor of 40 and 15140.
20
Calculate the greatest common divisor of 11562 and 369.
123
Calculate the highest common divisor of 1500 and 150.
150
Calculate the highest common factor of 4598 and 2662.
242
Calculate the highest common divisor of 250 and 50.
50
What is the greatest common divisor of 1025 and 25?
25
Calculate the greatest common factor of 56 and 392.
56
What is the highest common divisor of 260 and 208?
52
What is the highest common factor of 7 and 413?
7
Calculate the highest common factor of 1007 and 38.
19
What is the highest common divisor of 43 and 172?
43
What is the highest common factor of 11 and 99?
11
Calculate the greatest common divisor of 6435 and 5.
5
What is the highest common divisor of 171 and 9?
9
Calculate the greatest common divisor of 64 and 344.
8
Calculate the greatest common factor of 39 and 2769.
39
What is the greatest common factor of 330 and 19965?
165
What is the highest common factor of 390 and 2132?
26
What is the highest common divisor of 531 and 54?
9
What is the highest common factor of 36 and 72?
36
What is the highest common factor of 256 and 96?
32
Calculate the highest common factor of 18 and 30.
6
Calculate the greatest common factor of 89 and 51.
1
Calculate the greatest common divisor of 1599 and 78.
39
What is the highest common factor of 515 and 1648?
103
Calculate the highest common factor of 42 and 462.
42
Calculate the highest common factor of 1 and 11.
1
Calculate the highest common factor of 117 and 1677.
39
Calculate the highest common factor of 28 and 14.
14
Calculate the highest common divisor of 1176 and 72.
24
What is the highest common factor of 247 and 133?
19
What is the highest common divisor of 27 and 513?
27
Calculate the greatest common divisor of 532 and 228.
76
What is the greatest common factor of 167 and 668?
167
What is the greatest common divisor of 21 and 7?
7
What is the highest common divisor of 237 and 395?
79
What is the greatest common factor of 172 and 2881?
43
Calculate the greatest common divisor of 59 and 59.
59
Calculate the greatest common factor of 1412 and 32.
4
Calculate the greatest common divisor of 1687 and 7.
7
What is the highest common factor of 1860 and 140?
20
What is the greatest common divisor of 2555 and 73?
73
Calculate the highest common divisor of 432 and 80.
16
What is the greatest common divisor of 40 and 24?
8
Calculate the highest common divisor of 38 and 4.
2
What is the greatest common factor of 4366 and 118?
118
What is the greatest common divisor of 3107 and 52?
13
What is the greatest common divisor of 4887 and 1991?
181
What is the highest common divisor of 1258 and 170?
34
Calculate the greatest common divisor of 3340 and 80.
20
Calculate the highest common divisor of 2576 and 448.
112
What is the greatest common divisor of 60 and 4120?
20
What is the greatest common divisor of 1560 and 120?
120
What is the highest common factor of 2469 and 6?
3
Calculate the highest common divisor of 30 and 380.
10
Calculate the greatest common divisor of 16 and 2.
2
What is the highest common divisor of 280 and 200?
40
What is the greatest common factor of 18805 and 10?
5
What is the greatest common factor of 1205 and 25?
5
What is the greatest common factor of 1332 and 518?
74
Calculate the highest common divisor of 11476 and 151.
151
Calculate the greatest common factor of 32 and 24.
8
Calculate the greatest common factor of 16942 and 86.
86
Calculate the greatest common divisor of 627 and 264.
33
What is the highest common divisor of 320 and 240?
80
What is the greatest common factor of 2839 and 68?
17
Calculate the highest common factor of 99 and 22.
11
Calculate the highest common factor of 4541 and 57.
19
Calculate the highest common factor of 45 and 60.
15
What is the greatest common factor of 17 and 493?
17
What is the greatest common divisor of 96 and 222?
6
Calculate the greatest common divisor of 248 and 8.
8
What is the highest common divisor of 624 and 72?
24
What is the highest common divisor of 82 and 50143?
41
Calculate the highest common divisor of 15668 and 12.
4
Calculate the highest common divisor of 890 and 1240.
10
Calculate the highest common divisor of 42 and 441.
21
What is the greatest common factor of 25 and 3925?
25
Calculate the highest common divisor of 22 and 1078.
22
What is the greatest common divisor of 20 and 16880?
20
Calculate the greatest common factor of 23 and 161.
23
What is the greatest common fact